{"id":201,"date":"2023-11-08T13:46:21","date_gmt":"2023-11-08T11:46:21","guid":{"rendered":"https:\/\/eventdk.nordiske-medier.dk\/pack-point-nordic\/?page_id=201"},"modified":"2023-11-08T13:46:21","modified_gmt":"2023-11-08T11:46:21","slug":"om-oss","status":"publish","type":"page","link":"https:\/\/nmevents.dk\/seminar\/om-oss\/","title":{"rendered":"Om oss"},"content":{"rendered":"\t\t<div data-elementor-type=\"wp-page\" data-elementor-id=\"201\" class=\"elementor elementor-201\" data-elementor-post-type=\"page\">\n\t\t\t\t<div class=\"elementor-element elementor-element-40e74a4 e-flex e-con-boxed e-con e-parent\" data-id=\"40e74a4\" data-element_type=\"container\" data-e-type=\"container\">\n\t\t\t\t\t<div class=\"e-con-inner\">\n\t\t<div class=\"elementor-element elementor-element-980f42e e-con-full e-flex e-con e-child\" data-id=\"980f42e\" data-element_type=\"container\" data-e-type=\"container\">\n\t\t\t\t<div class=\"elementor-element elementor-element-6d72688 elementor-widget elementor-widget-heading\" data-id=\"6d72688\" data-element_type=\"widget\" data-e-type=\"widget\" data-widget_type=\"heading.default\">\n\t\t\t\t<div class=\"elementor-widget-container\">\n\t\t\t\t\t<h1 class=\"elementor-heading-title elementor-size-default\">Om Clean &amp; Facility<\/h1>\t\t\t\t<\/div>\n\t\t\t\t<\/div>\n\t\t\t\t<\/div>\n\t\t\t\t\t<\/div>\n\t\t\t\t<\/div>\n\t\t<div class=\"elementor-element elementor-element-8d5195a e-flex e-con-boxed e-con e-parent\" data-id=\"8d5195a\" data-element_type=\"container\" data-e-type=\"container\">\n\t\t\t\t\t<div class=\"e-con-inner\">\n\t\t<div class=\"elementor-element elementor-element-243a48f e-con-full e-flex e-con e-child\" data-id=\"243a48f\" data-element_type=\"container\" data-e-type=\"container\">\n\t\t\t\t<div class=\"elementor-element elementor-element-42ed4c9 elementor-widget elementor-widget-heading\" data-id=\"42ed4c9\" data-element_type=\"widget\" data-e-type=\"widget\" data-widget_type=\"heading.default\">\n\t\t\t\t<div class=\"elementor-widget-container\">\n\t\t\t\t\t<h2 class=\"elementor-heading-title elementor-size-default\">\u00c5rets konferens<\/h2>\t\t\t\t<\/div>\n\t\t\t\t<\/div>\n\t\t\t\t<div class=\"elementor-element elementor-element-dc21fe1 elementor-widget elementor-widget-text-editor\" data-id=\"dc21fe1\" data-element_type=\"widget\" data-e-type=\"widget\" data-widget_type=\"text-editor.default\">\n\t\t\t\t<div class=\"elementor-widget-container\">\n\t\t\t\t\t\t\t\t\t<p>P\u00e5 Pack Point Nordic speglas m\u00e5nga olika aktuella aspekter p\u00e5 f\u00f6rpackningar. P\u00e5 scen deltar omkring ett 15-tal talare representerande anv\u00e4ndare, utvecklare och beslutsfattare fr\u00e5n hela v\u00e4rdekedjan f\u00f6r f\u00f6rpackningar. Konferensen som \u00e4r \u00e5rligen \u00e5terkommande har blivit en viktig m\u00f6tesplats f\u00f6r att inom v\u00e4rdekedjan utbyta erfarenheter och i dialog f\u00f6ra sakfr\u00e5gor fram\u00e5t.<\/p><p>Konferensen h\u00e5lls p\u00e5 svenska, ibland med inslag av presentationer p\u00e5 engelska, av talare fr\u00e5n n\u00e5got av v\u00e5ra nordiska grannl\u00e4nder eller annat europeiskt land.<\/p><p>Pack Point Nordic belyser aktuella fr\u00e5gor f\u00f6r s\u00e5v\u00e4l konsumentf\u00f6rpackningar, verksamhetsf\u00f6rpackningar (B2B), som e-handel och transporter med fokus p\u00e5 nya l\u00f6sningar f\u00f6r en smartare f\u00f6rpackningsanv\u00e4ndning.<\/p>\t\t\t\t\t\t\t\t<\/div>\n\t\t\t\t<\/div>\n\t\t\t\t<div class=\"elementor-element elementor-element-8a0344e elementor-widget elementor-widget-button\" data-id=\"8a0344e\" data-element_type=\"widget\" data-e-type=\"widget\" data-widget_type=\"button.default\">\n\t\t\t\t<div class=\"elementor-widget-container\">\n\t\t\t\t\t\t\t\t\t<div class=\"elementor-button-wrapper\">\n\t\t\t\t\t<a class=\"elementor-button elementor-button-link elementor-size-sm\" href=\"#\">\n\t\t\t\t\t\t<span class=\"elementor-button-content-wrapper\">\n\t\t\t\t\t\t\t\t\t<span class=\"elementor-button-text\">L\u00e4s programmet<\/span>\n\t\t\t\t\t<\/span>\n\t\t\t\t\t<\/a>\n\t\t\t\t<\/div>\n\t\t\t\t\t\t\t\t<\/div>\n\t\t\t\t<\/div>\n\t\t\t\t<\/div>\n\t\t<div class=\"elementor-element elementor-element-be5b0ce e-con-full e-flex e-con e-child\" data-id=\"be5b0ce\" data-element_type=\"container\" data-e-type=\"container\">\n\t\t\t\t<div class=\"elementor-element elementor-element-c211166 elementor-widget elementor-widget-image\" data-id=\"c211166\" data-element_type=\"widget\" data-e-type=\"widget\" data-widget_type=\"image.default\">\n\t\t\t\t<div class=\"elementor-widget-container\">\n\t\t\t\t\t\t\t\t\t\t\t\t\t\t\t<img decoding=\"async\" src=\"https:\/\/nmevents.dk\/seminar\/wp-content\/plugins\/elementor\/assets\/images\/placeholder.png\" title=\"\" alt=\"\" loading=\"lazy\" \/>\t\t\t\t\t\t\t\t\t\t\t\t\t\t\t<\/div>\n\t\t\t\t<\/div>\n\t\t\t\t<\/div>\n\t\t\t\t\t<\/div>\n\t\t\t\t<\/div>\n\t\t<div class=\"elementor-element elementor-element-e716028 e-flex e-con-boxed e-con e-parent\" data-id=\"e716028\" data-element_type=\"container\" data-e-type=\"container\">\n\t\t\t\t\t<div class=\"e-con-inner\">\n\t\t<div class=\"elementor-element elementor-element-61d0149 e-con-full e-flex e-con e-child\" data-id=\"61d0149\" data-element_type=\"container\" data-e-type=\"container\">\n\t\t\t\t<div class=\"elementor-element elementor-element-386ac5b elementor-widget elementor-widget-image\" data-id=\"386ac5b\" data-element_type=\"widget\" data-e-type=\"widget\" data-widget_type=\"image.default\">\n\t\t\t\t<div class=\"elementor-widget-container\">\n\t\t\t\t\t\t\t\t\t\t\t\t\t\t\t<img decoding=\"async\" src=\"https:\/\/nmevents.dk\/seminar\/wp-content\/plugins\/elementor\/assets\/images\/placeholder.png\" title=\"\" alt=\"\" loading=\"lazy\" \/>\t\t\t\t\t\t\t\t\t\t\t\t\t\t\t<\/div>\n\t\t\t\t<\/div>\n\t\t\t\t<\/div>\n\t\t<div class=\"elementor-element elementor-element-1101db6 e-con-full e-flex e-con e-child\" data-id=\"1101db6\" data-element_type=\"container\" data-e-type=\"container\">\n\t\t\t\t<div class=\"elementor-element elementor-element-ec1f428 elementor-widget elementor-widget-heading\" data-id=\"ec1f428\" data-element_type=\"widget\" data-e-type=\"widget\" data-widget_type=\"heading.default\">\n\t\t\t\t<div class=\"elementor-widget-container\">\n\t\t\t\t\t<h2 class=\"elementor-heading-title elementor-size-default\">Vaf\u00f6r ska du delta?<\/h2>\t\t\t\t<\/div>\n\t\t\t\t<\/div>\n\t\t\t\t<div class=\"elementor-element elementor-element-0b770c8 elementor-widget elementor-widget-text-editor\" data-id=\"0b770c8\" data-element_type=\"widget\" data-e-type=\"widget\" data-widget_type=\"text-editor.default\">\n\t\t\t\t<div class=\"elementor-widget-container\">\n\t\t\t\t\t\t\t\t\t<p>Som bes\u00f6kare ger vi dig det senaste inom h\u00e5llbarhet f\u00f6r minskat klimatavtryck och \u00f6kad \u00e5tervinning, nya lagar som kan p\u00e5verka din f\u00f6rpackning, materialink\u00f6p eller till och med maskinpark, exempel p\u00e5 framg\u00e5ngsrik f\u00f6rpackningsutveckling f\u00f6r en \u00f6kad konsumentupplevelse eller f\u00f6r en effektivare intern logistik, b\u00e4ttre milj\u00f6index eller minskade kostnader.<\/p><p>Pack Point Nordic kan enklast beskrivas som ett sm\u00f6rg\u00e5sbord av aha-upplevelser som kommer att p\u00e5verka ditt f\u00f6rpackningsval idag och i framtiden.<\/p>\t\t\t\t\t\t\t\t<\/div>\n\t\t\t\t<\/div>\n\t\t\t\t<div class=\"elementor-element elementor-element-a66a608 elementor-widget elementor-widget-button\" data-id=\"a66a608\" data-element_type=\"widget\" data-e-type=\"widget\" data-widget_type=\"button.default\">\n\t\t\t\t<div class=\"elementor-widget-container\">\n\t\t\t\t\t\t\t\t\t<div class=\"elementor-button-wrapper\">\n\t\t\t\t\t<a class=\"elementor-button elementor-button-link elementor-size-sm\" href=\"#\">\n\t\t\t\t\t\t<span class=\"elementor-button-content-wrapper\">\n\t\t\t\t\t\t\t\t\t<span class=\"elementor-button-text\">Anm\u00e4l dig<\/span>\n\t\t\t\t\t<\/span>\n\t\t\t\t\t<\/a>\n\t\t\t\t<\/div>\n\t\t\t\t\t\t\t\t<\/div>\n\t\t\t\t<\/div>\n\t\t\t\t<\/div>\n\t\t\t\t\t<\/div>\n\t\t\t\t<\/div>\n\t\t\t\t<\/div>\n\t\t","protected":false},"excerpt":{"rendered":"<p>\/*! elementor &#8211; v3.17.0 &#8211; 08-11-2023 *\/ .elementor-heading-title{padding:0;margin:0;line-height:1}.elementor-widget-heading .elementor-heading-title[class*=elementor-size-]&gt;a{color:inherit;font-size:inherit;line-height:inherit}.elementor-widget-heading .elementor-heading-title.elementor-size-small{font-size:15px}.elementor-widget-heading .elementor-heading-title.elementor-size-medium{font-size:19px}.elementor-widget-heading .elementor-heading-title.elementor-size-large{font-size:29px}.elementor-widget-heading .elementor-heading-title.elementor-size-xl{font-size:39px}.elementor-widget-heading .elementor-heading-title.elementor-size-xxl{font-size:59px} Om Clean &amp; Facility \u00c5rets konferens P\u00e5 Pack Point Nordic speglas m\u00e5nga olika aktuella aspekter p\u00e5 f\u00f6rpackningar. P\u00e5 scen deltar omkring ett 15-tal talare representerande anv\u00e4ndare, utvecklare och beslutsfattare fr\u00e5n hela v\u00e4rdekedjan f\u00f6r f\u00f6rpackningar. Konferensen som \u00e4r \u00e5rligen \u00e5terkommande har blivit [&hellip;]<\/p>\n","protected":false},"author":1,"featured_media":0,"parent":0,"menu_order":0,"comment_status":"closed","ping_status":"closed","template":"elementor_header_footer","meta":{"_acf_changed":false,"inline_featured_image":false,"footnotes":""},"class_list":["post-201","page","type-page","status-publish","hentry"],"acf":[],"_links":{"self":[{"href":"https:\/\/nmevents.dk\/seminar\/wp-json\/wp\/v2\/pages\/201","targetHints":{"allow":["GET"]}}],"collection":[{"href":"https:\/\/nmevents.dk\/seminar\/wp-json\/wp\/v2\/pages"}],"about":[{"href":"https:\/\/nmevents.dk\/seminar\/wp-json\/wp\/v2\/types\/page"}],"author":[{"embeddable":true,"href":"https:\/\/nmevents.dk\/seminar\/wp-json\/wp\/v2\/users\/1"}],"replies":[{"embeddable":true,"href":"https:\/\/nmevents.dk\/seminar\/wp-json\/wp\/v2\/comments?post=201"}],"version-history":[{"count":0,"href":"https:\/\/nmevents.dk\/seminar\/wp-json\/wp\/v2\/pages\/201\/revisions"}],"wp:attachment":[{"href":"https:\/\/nmevents.dk\/seminar\/wp-json\/wp\/v2\/media?parent=201"}],"curies":[{"name":"wp","href":"https:\/\/api.w.org\/{rel}","templated":true}]}}